{"id":7,"date":"2022-02-07T14:39:45","date_gmt":"2022-02-07T13:39:45","guid":{"rendered":"https:\/\/organit.ch\/?page_id=7"},"modified":"2022-02-09T14:49:00","modified_gmt":"2022-02-09T13:49:00","slug":"organit-gmbh","status":"publish","type":"page","link":"https:\/\/organit.ch\/","title":{"rendered":"Mehr als Beratung &#8211; Gemeinsam L\u00f6sungen finden"},"content":{"rendered":"\n<p>Die organit gmbh ist ein kleines Informatikunternehmen, dessen Ziel es ist, Sie in Ihren Projekten zu unterst\u00fctzen. Wir wollen nicht nur beraten, wir wollen gemeinsam mit Ihnen L\u00f6sungen finden.<\/p>\n\n\n\n<hr class=\"wp-block-separator has-text-color has-background is-style-default\" style=\"background-color:#f5f5f5;color:#f5f5f5\"\/>\n\n\n\n<div class=\"wp-block-columns\">\n<div class=\"wp-block-column animated fadeIn\">\n<div class=\"wp-block-image\"><figure class=\"aligncenter size-full is-resized\"><img loading=\"lazy\" src=\"https:\/\/organit.ch\/wp-content\/uploads\/2022\/02\/02-11.png\" alt=\"\" class=\"wp-image-63\" width=\"128\" height=\"128\" srcset=\"https:\/\/organit.ch\/wp-content\/uploads\/2022\/02\/02-11.png 512w, https:\/\/organit.ch\/wp-content\/uploads\/2022\/02\/02-11-300x300.png 300w, https:\/\/organit.ch\/wp-content\/uploads\/2022\/02\/02-11-150x150.png 150w\" sizes=\"(max-width: 128px) 100vw, 128px\" \/><\/figure><\/div>\n\n\n\n<p class=\"has-text-align-left\">Drei Partner mit jeweils \u00fcber 20 Jahren Erfahrung auf komplexen Java Back- und Frontend Projekten bei grossen Schweizer Kunden.<\/p>\n<\/div>\n\n\n\n<div class=\"wp-block-column animated fadeIn\">\n<div class=\"wp-block-image\"><figure class=\"aligncenter size-full is-resized\"><img loading=\"lazy\" src=\"https:\/\/organit.ch\/wp-content\/uploads\/2022\/02\/02-23.png\" alt=\"\" class=\"wp-image-64\" width=\"128\" height=\"128\" srcset=\"https:\/\/organit.ch\/wp-content\/uploads\/2022\/02\/02-23.png 512w, https:\/\/organit.ch\/wp-content\/uploads\/2022\/02\/02-23-300x300.png 300w, https:\/\/organit.ch\/wp-content\/uploads\/2022\/02\/02-23-150x150.png 150w\" sizes=\"(max-width: 128px) 100vw, 128px\" \/><\/figure><\/div>\n\n\n\n<p class=\"has-text-align-left\">Ein kleines, schlankes und unkompliziertes Unternehmen, das auf die W\u00fcnsche seiner Kunden eingeht.<\/p>\n<\/div>\n\n\n\n<div class=\"wp-block-column animated fadeIn\">\n<div class=\"wp-block-image\"><figure class=\"aligncenter size-full is-resized\"><img loading=\"lazy\" src=\"https:\/\/organit.ch\/wp-content\/uploads\/2022\/02\/Java.png\" alt=\"\" class=\"wp-image-194\" width=\"128\" height=\"128\" srcset=\"https:\/\/organit.ch\/wp-content\/uploads\/2022\/02\/Java.png 512w, https:\/\/organit.ch\/wp-content\/uploads\/2022\/02\/Java-300x300.png 300w, https:\/\/organit.ch\/wp-content\/uploads\/2022\/02\/Java-150x150.png 150w\" sizes=\"(max-width: 128px) 100vw, 128px\" \/><\/figure><\/div>\n\n\n\n<p class=\"has-text-align-left\">Erfahrung in den Bereichen Java (Fullstack) und den Rollen Entwicklung, Architektur und technische Projektleitung.<\/p>\n<\/div>\n<\/div>\n\n\n\n<hr class=\"wp-block-separator has-text-color has-background\" style=\"background-color:#f5f5f5;color:#f5f5f5\"\/>\n\n\n\n<a id=\"Kunden\"><\/a>\n\n\n\n<h2 id=\"kunden\">Kunden<\/h2>\n\n\n\n<div class=\"wp-block-columns\">\n<div class=\"wp-block-column animated fadeIn\">\n<div class=\"wp-block-image\"><figure class=\"aligncenter size-full is-resized\"><img loading=\"lazy\" src=\"https:\/\/organit.ch\/wp-content\/uploads\/2022\/02\/train2.png\" alt=\"\" class=\"wp-image-189\" width=\"128\" height=\"128\" srcset=\"https:\/\/organit.ch\/wp-content\/uploads\/2022\/02\/train2.png 512w, https:\/\/organit.ch\/wp-content\/uploads\/2022\/02\/train2-300x300.png 300w, https:\/\/organit.ch\/wp-content\/uploads\/2022\/02\/train2-150x150.png 150w\" sizes=\"(max-width: 128px) 100vw, 128px\" \/><\/figure><\/div>\n\n\n\n<p class=\"has-text-align-left\"><strong>Schweizer Bahnunternehmen<\/strong><br>Mehrere Projekte im Nationalen und Internationalen Ticketing \u00fcber total 15 Personenjahre. Rollen: Softwareengineer<br><\/p>\n<\/div>\n\n\n\n<div class=\"wp-block-column animated fadeIn\">\n<div class=\"wp-block-image\"><figure class=\"aligncenter size-full is-resized\"><img loading=\"lazy\" src=\"https:\/\/organit.ch\/wp-content\/uploads\/2022\/02\/Bank.png\" alt=\"\" class=\"wp-image-195\" width=\"128\" height=\"128\" srcset=\"https:\/\/organit.ch\/wp-content\/uploads\/2022\/02\/Bank.png 512w, https:\/\/organit.ch\/wp-content\/uploads\/2022\/02\/Bank-300x300.png 300w, https:\/\/organit.ch\/wp-content\/uploads\/2022\/02\/Bank-150x150.png 150w\" sizes=\"(max-width: 128px) 100vw, 128px\" \/><\/figure><\/div>\n\n\n\n<p class=\"has-text-align-left\"><strong>Schweizer Grossbank<\/strong><br>Diverse Backendprojekte im Auftragsmanagement und CRM-Bereich \u00fcber total 13 Personenjahre. Rollen: Softwareengineer, Software Architekt<br><\/p>\n<\/div>\n\n\n\n<div class=\"wp-block-column animated fadeIn\">\n<div class=\"wp-block-image\"><figure class=\"aligncenter size-full is-resized\"><img loading=\"lazy\" src=\"https:\/\/organit.ch\/wp-content\/uploads\/2022\/02\/Versicherung-1.png\" alt=\"\" class=\"wp-image-196\" width=\"128\" height=\"128\" srcset=\"https:\/\/organit.ch\/wp-content\/uploads\/2022\/02\/Versicherung-1.png 512w, https:\/\/organit.ch\/wp-content\/uploads\/2022\/02\/Versicherung-1-300x300.png 300w, https:\/\/organit.ch\/wp-content\/uploads\/2022\/02\/Versicherung-1-150x150.png 150w\" sizes=\"(max-width: 128px) 100vw, 128px\" \/><\/figure><\/div>\n\n\n\n<p class=\"has-text-align-left\"><strong>Schweizer Versicherung<\/strong><br>Mehrere Projekte in diversen Bereichen \u00fcber total 7 Personenjahre. Rollen: Softwareengineer, Softwarearchitekt<\/p>\n<\/div>\n<\/div>\n\n\n\n<p>Weitere Kunden: Schweizer Sportverband, Internationale Handels AG, Z\u00fcrcher Eventveranstalter, Tourismus Dienstleister<\/p>\n\n\n\n<hr class=\"wp-block-separator has-text-color has-background\" style=\"background-color:#f5f5f5;color:#f5f5f5\"\/>\n\n\n\n<a id=\"Team\"><\/a>\n\n\n\n<h2 id=\"team\">Team<\/h2>\n\n\n\n<div class=\"wp-block-columns\">\n<div class=\"wp-block-column animated fadeIn\">\n<div class=\"wp-block-image\"><figure class=\"aligncenter size-large\"><img loading=\"lazy\" width=\"1024\" height=\"1024\" src=\"https:\/\/organit.ch\/wp-content\/uploads\/2022\/02\/Roger-1-1024x1024.jpg\" alt=\"\" class=\"wp-image-162\" srcset=\"https:\/\/organit.ch\/wp-content\/uploads\/2022\/02\/Roger-1-1024x1024.jpg 1024w, https:\/\/organit.ch\/wp-content\/uploads\/2022\/02\/Roger-1-300x300.jpg 300w, https:\/\/organit.ch\/wp-content\/uploads\/2022\/02\/Roger-1-150x150.jpg 150w, https:\/\/organit.ch\/wp-content\/uploads\/2022\/02\/Roger-1-768x768.jpg 768w, https:\/\/organit.ch\/wp-content\/uploads\/2022\/02\/Roger-1-1536x1536.jpg 1536w, https:\/\/organit.ch\/wp-content\/uploads\/2022\/02\/Roger-1.jpg 2003w\" sizes=\"(max-width: 1024px) 100vw, 1024px\" \/><\/figure><\/div>\n\n\n\n<p><strong>Roger Bucher<\/strong><br><em>Informatik Fachhochschule Biel<\/em><br>Senior Software Entwickler, Architekt und technischer Projektleiter.<br><a href=\"https:\/\/www.xing.com\/profile\/Roger_Bucher2\">XING<\/a><\/p>\n\n\n\n<div class=\"wp-container-1 wp-block-buttons\"><\/div>\n\n\n\n<div style=\"height:25px\" aria-hidden=\"true\" class=\"wp-block-spacer\"><\/div>\n<\/div>\n\n\n\n<div class=\"wp-block-column animated fadeIn\">\n<div class=\"wp-block-image\"><figure class=\"aligncenter size-large\"><img loading=\"lazy\" width=\"1024\" height=\"1024\" src=\"https:\/\/organit.ch\/wp-content\/uploads\/2022\/02\/2022-1-1024x1024.jpg\" alt=\"\" class=\"wp-image-155\" srcset=\"https:\/\/organit.ch\/wp-content\/uploads\/2022\/02\/2022-1-1024x1024.jpg 1024w, https:\/\/organit.ch\/wp-content\/uploads\/2022\/02\/2022-1-300x300.jpg 300w, https:\/\/organit.ch\/wp-content\/uploads\/2022\/02\/2022-1-150x150.jpg 150w, https:\/\/organit.ch\/wp-content\/uploads\/2022\/02\/2022-1-768x768.jpg 768w, https:\/\/organit.ch\/wp-content\/uploads\/2022\/02\/2022-1-1536x1536.jpg 1536w, https:\/\/organit.ch\/wp-content\/uploads\/2022\/02\/2022-1.jpg 2003w\" sizes=\"(max-width: 1024px) 100vw, 1024px\" \/><\/figure><\/div>\n\n\n\n<p><strong>Martin Fussen<\/strong><br><em>Dipl. Informatik Ing.<br>ETH Z\u00fcrich<\/em><br>Senior Software Entwickler, Architekt und technischer Projektleiter.<br><a href=\"https:\/\/www.linkedin.com\/in\/martinfussen\">LinkedIn<\/a><\/p>\n\n\n\n<div class=\"wp-container-2 wp-block-buttons\"><\/div>\n\n\n\n<div style=\"height:25px\" aria-hidden=\"true\" class=\"wp-block-spacer\"><\/div>\n<\/div>\n\n\n\n<div class=\"wp-block-column animated fadeIn\">\n<div class=\"wp-block-image\"><figure class=\"aligncenter size-large\"><img loading=\"lazy\" width=\"1024\" height=\"1024\" src=\"https:\/\/organit.ch\/wp-content\/uploads\/2022\/02\/Ant-1024x1024.jpg\" alt=\"\" class=\"wp-image-199\" srcset=\"https:\/\/organit.ch\/wp-content\/uploads\/2022\/02\/Ant-1024x1024.jpg 1024w, https:\/\/organit.ch\/wp-content\/uploads\/2022\/02\/Ant-300x300.jpg 300w, https:\/\/organit.ch\/wp-content\/uploads\/2022\/02\/Ant-150x150.jpg 150w, https:\/\/organit.ch\/wp-content\/uploads\/2022\/02\/Ant-768x768.jpg 768w, https:\/\/organit.ch\/wp-content\/uploads\/2022\/02\/Ant-1536x1536.jpg 1536w, https:\/\/organit.ch\/wp-content\/uploads\/2022\/02\/Ant.jpg 2003w\" sizes=\"(max-width: 1024px) 100vw, 1024px\" \/><\/figure><\/div>\n\n\n\n<p><strong>Antony Kutschera<\/strong><br><em>Ph.D., Aeronautical Engineering, Loughborough University<\/em><br>Senior Software Entwickler, Architekt und technischer Projektleiter.<br><a href=\"https:\/\/www.linkedin.com\/in\/maxant\/\">LinkedIn<\/a><\/p>\n\n\n\n<div class=\"wp-container-3 wp-block-buttons\"><\/div>\n\n\n\n<div style=\"height:25px\" aria-hidden=\"true\" class=\"wp-block-spacer\"><\/div>\n<\/div>\n<\/div>\n\n\n\n<hr class=\"wp-block-separator has-text-color has-background\" style=\"background-color:#f5f5f5;color:#f5f5f5\"\/>\n\n\n\n<a id=\"Kontakt\"><\/a>\n\n\n\n<h2 id=\"kontakt\">Kontakt<\/h2>\n\n\n\n<div class=\"wp-block-columns\">\n<div class=\"wp-block-column\">\n<p>organit gmbh<br>Altikofenstrasse 52<br>3048 Worblaufen<br>Firmennummer: CHE-113.660.324<\/p>\n<\/div>\n\n\n\n<div class=\"wp-block-column\">\n<p>Web: <a href=\"https:\/\/organit.ch\">organit.ch<\/a><br>Tel: <a href=\"tel:0041787597206\">078 759 72 06<\/a><br>Mail: <a href=\"mailto:info@organit.ch\">info@organit.ch<\/a><\/p>\n<\/div>\n<\/div>\n\n\n\n<p><br><\/p>\n","protected":false},"excerpt":{"rendered":"<p>Die organit gmbh ist ein kleines Informatikunternehmen, dessen Ziel es ist, Sie in Ihren Projekten zu unterst\u00fctzen. Wir wollen nicht nur beraten, wir wollen gemeinsam mit Ihnen L\u00f6sungen finden. Drei Partner mit jeweils \u00fcber 20 Jahren Erfahrung auf komplexen Java Back- und Frontend Projekten bei grossen Schweizer Kunden. Ein kleines, schlankes und unkompliziertes Unternehmen, das&hellip;&nbsp;<a href=\"https:\/\/organit.ch\/\" class=\"\" rel=\"bookmark\">Weiterlesen &raquo;<span class=\"screen-reader-text\">Mehr als Beratung &#8211; Gemeinsam L\u00f6sungen finden<\/span><\/a><\/p>\n","protected":false},"author":2,"featured_media":53,"parent":0,"menu_order":0,"comment_status":"closed","ping_status":"closed","template":"","meta":{"neve_meta_sidebar":"full-width","neve_meta_container":"default","neve_meta_enable_content_width":"","neve_meta_content_width":0,"neve_meta_title_alignment":"center","neve_meta_author_avatar":"","neve_post_elements_order":"","neve_meta_disable_header":"off","neve_meta_disable_footer":"off","neve_meta_disable_title":"off"},"_links":{"self":[{"href":"https:\/\/organit.ch\/index.php?rest_route=\/wp\/v2\/pages\/7"}],"collection":[{"href":"https:\/\/organit.ch\/index.php?rest_route=\/wp\/v2\/pages"}],"about":[{"href":"https:\/\/organit.ch\/index.php?rest_route=\/wp\/v2\/types\/page"}],"author":[{"embeddable":true,"href":"https:\/\/organit.ch\/index.php?rest_route=\/wp\/v2\/users\/2"}],"replies":[{"embeddable":true,"href":"https:\/\/organit.ch\/index.php?rest_route=%2Fwp%2Fv2%2Fcomments&post=7"}],"version-history":[{"count":54,"href":"https:\/\/organit.ch\/index.php?rest_route=\/wp\/v2\/pages\/7\/revisions"}],"predecessor-version":[{"id":201,"href":"https:\/\/organit.ch\/index.php?rest_route=\/wp\/v2\/pages\/7\/revisions\/201"}],"wp:featuredmedia":[{"embeddable":true,"href":"https:\/\/organit.ch\/index.php?rest_route=\/wp\/v2\/media\/53"}],"wp:attachment":[{"href":"https:\/\/organit.ch\/index.php?rest_route=%2Fwp%2Fv2%2Fmedia&parent=7"}],"curies":[{"name":"wp","href":"https:\/\/api.w.org\/{rel}","templated":true}]}}